120 + 2*j**5/15 + 11*j**4/24 + 5*j**3/3 + 14*j**2. List the prime factors of p(9).
2, 7
List the prime factors of (-1 - (-73)/(-2))*47628/(-729).
2, 5, 7
Let o(x) = -x**2 - x + 26. Let w be o(11). Let v = -16 - w. List the prime factors of v.
2, 3, 5
Let c(o) = 48*o + 4. Suppose 2*s + 1 = 5. List the prime factors of c(s).
2, 5
Suppose 0 = 8*b + 203 - 2555. What are the prime factors of b?
2, 3, 7
Let f be ((-12)/18 - (-7)/6)*122. Let z = f - -72. What are the prime factors of z?
7, 19
Let f = -1320 - -2818. What are the prime factors of f?
2, 7, 107
Let s(p) = 3*p + 2. Let x(m) = -m**3 - 8*m**2 + 2*m + 19. Let a be x(-8). What are the prime factors of s(a)?
11
What are the prime factors of (-943)/(-2) - -4 - 7/(-14)?
2, 7, 17
Suppose -3*v = -6, 5*a = -v - v + 104. Let i = a - -59. List the prime factors of i.
79
Let x be -243 + -3 + (-1 - -2). What are the prime factors of 89/(-13) + 7 - x/13?
19
Suppose -12*z - 860 = -2*d - 16*z, -4*d + 3*z = -1753. What are the prime factors of d?
2, 109
Let l = 882 - 603. List the prime factors of l.
3, 31
Let v = -23 - -35. List the prime factors of (v/4 + -4)*-5.
5
Suppose -4*o = -o + 3*z - 4188, -5*o + 5*z + 6990 = 0. List the prime factors of o.
11, 127
Let d be (-554)/(-14) - -3 - 8/14. Suppose -157 + 37 = -5*t - 2*q, t + 4*q = d. List the prime factors of t.
2, 11
Let n(p) = p**2 + 15*p - 11. Let o be n(-5). Let h = o - -96. What are the prime factors of h?
5, 7
Suppose 0 = -2*g + 2, -4*g + 2716 = 4*c - 8*g. What are the prime factors of c?
2, 5, 17
Let r be 6/6 - (7 - 1). What are the prime factors of (-2)/(-1) + r - -7?
2
Suppose m + 40 + 24 = 0. Let s = 81 - 85. List the prime factors of 6/(4/m*s).
2, 3
List the prime factors of (99 + -95)*(-18)/(-8)*17.
3, 17
Suppose 5*m - 86 - 79 = 0. Let l(s) = s**3 + 3*s**2 + 2*s + 2. Let n be l(-4). Let q = m + n. What are the prime factors of q?
11
Let i be 96 + 12/(-3 + -1). Suppose 34 = t - i. Suppose 4*r = -f + 29, -f - 2*f - 4*r + t = 0. What are the prime factors of f?
7
Suppose -n = -0*n - 57. Suppose -3*h = 5*o - n, 5*h + o = -0*h + 73. List the prime factors of h.
2, 7
Let a(t) = 2*t**3 - 2*t**2 + 5*t - 1. Let s be a(5). List the prime factors of 4/(-6) + s/3.
2, 37
Let i be ((-35)/3)/((-2)/6). Suppose 24 = 2*x + 5*o - 36, -180 = -5*x - 5*o. Suppose 3*f - x = i. List the prime factors of f.
5
Suppose 0 = -o - 4*o + d + 13, 23 = 5*o + 4*d. Suppose -o*t - t + 4 = 0. What are the prime factors of (-1)/(-1) + (t - -12)?
2, 7
Let z(k) = k**3 + 7*k**2 + 6*k + 5. Let b be z(-6). Let m(u) = -u**2 + u - 7*u + 3*u**2. List the prime factors of m(b).
2, 5
Let t be 3 - -8*(-115)/10. Let n = t - -172. List the prime factors of n.
83
Let i = 1994 - 693. What are the prime factors of i?
1301
Suppose -34*n + 1850 = -5426. List the prime factors of n.
2, 107
Let g = -145 + 601. List the prime factors of g.
2, 3, 19
List the prime factors of (5624/12 - -2)*(-144)/(-32).
2, 3, 353
Let c = -24 + 27. Suppose c*j - 147 = -0*j. What are the prime factors of j?
7
What are the prime factors of 1/(-2) + 308025/150?
2053
Let v(w) = 4*w**3 + 3*w**2 - 9*w - 6. List the prime factors of v(3).
2, 3, 17
Let d(h) = -9*h - 12. Let w(g) = 9*g + 11. Let u(c) = 5*d(c) + 6*w(c). Let a(q) = 6*q + 4. Let n(b) = 7*a(b) - 5*u(b). What are the prime factors of n(-5)?
13
Suppose -15 = 3*b - 33. Suppose 2*k - 76 + b = 0. What are the prime factors of k?
5, 7
Let i(z) be the first derivative of 2*z + 9 + 1/3*z**3 - z**2. List the prime factors of i(3).
5
Suppose -54*p + 72*p = 55080. List the prime factors of p.
2, 3, 5, 17
Let c = 121 + 1836. What are the prime factors of c?
19, 103
Suppose 3*o - 1848 = -3*z, 68*z - 73*z = -o - 3086. What are the prime factors of z?
617
Let h = -11 + 14. Suppose -5*u + 50 = -3*c, 0*c = -2*u - h*c + 20. Suppose 0 = -t - 3*q + 1 + u, -t - 5 = -5*q. What are the prime factors of t?
5
Let k(i) = -3*i**2 - i - 1. Let m be k(2). Suppose 11*g - 188 = -232. What are the prime factors of (m/20)/(g/112)?
3, 7
Let o = -46 - -18. Let z = -4 - o. Suppose 4*j - 17 = -5*h + 18, -3*h - 3*j = -z. What are the prime factors of h?
3
Let b be 0/((-1)/(1/(-2))). Suppose b = 6*n - 7*n. Suppose n*g - 2*h + 28 = 4*g, 0 = 4*g + 4*h - 24. List the prime factors of g.
2
Suppose 0 = -2*k + 6, -5*v - 205 = 3*k - 634. Suppose v = -5*d + 11*d. What are the prime factors of d?
2, 7
Suppose -4*r = 5*k + 8, 0*r + 5*k = 5*r - 35. Suppose r*p = 8*p - 10. List the prime factors of p.
2
Suppose 0 = 3*m + 5*t - 1545, -5*m - t + 2553 = -0*t. List the prime factors of m.
2, 3, 5, 17
Let d(w) = 2*w + 4*w**2 - 12*w + 3*w**2 + 4 - 5*w**2. Let h be d(7). Suppose -3*m + 145 = -2*r + 57, m - 2*r = h. List the prime factors of m.
2, 7
Suppose -3*o = -d - 3*d + 9, -18 = -5*d - 3*o. Suppose -5*g = -d*h - 1202, 0*g - 968 = -4*g + 4*h. List the prime factors of g.
2, 7, 17
Suppose 0 = 15*c - 17*c + 500. List the prime factors of c.
2, 5
Suppose 0 = -a, 38*g - 2*a + 12640 = 43*g. List the prime factors of g.
2, 79
Suppose -o + 0*o = -2*h - 3, 2*o - 5*h - 4 = 0. Suppose 0 = o*y - 2*y - 650. Suppose -7*c + 199 = -y. What are the prime factors of c?
47
Suppose 8 = 2*n - 6*n. Let y(i) = -i**3 + 2*i**2 + i. What are the prime factors of y(n)?
2, 7
Let u(k) = -k**3 + 7*k**2 + 5*k - 8. Let o be u(5). Let s = -32 + o. What are the prime factors of s?
5, 7
Suppose 5*h + 20 = 0, -2380 = -5*j - h + 1046. Suppose r - 8*r + j = 0. List the prime factors of r.
2, 7
Suppose -60*c = -13*c - 263670. What are the prime factors of c?
2, 3, 5, 11, 17
Suppose 4*j - 31 = -5*z + 4, 100 = 5*j - 5*z. Suppose -j*s + 1081 = -494. What are the prime factors of s?
3, 5, 7
Suppose 7*l + 160 = 12*l. Let m be (3/(-6))/(-1)*0. Suppose m*z + l = 5*z - t, 0 = 2*z - 5*t + 1. List the prime factors of z.
7
Let o(m) = -m + 13. Let k be o(8). Suppose -k*w = 3*w - 496. List the prime factors of w.
2, 31
Let v = -44 - -97. What are the prime factors of v?
53
Suppose -3*b - 6 = -15. Let o(x) = 7*x**2 + 4*x - 6. What are the prime factors of o(b)?
3, 23
Let v = -79 - -147. Suppose -11*m = -7*m + v. Let c = m - -29. What are the prime factors of c?
2, 3
Let s(a) = a**2 + 12. List the prime factors of s(14).
2, 13
Let q(p) = p**2 + p - 1. Let r(n) = -11*n**2 - n + 5. Let d(i) = -6*q(i) - 2*r(i). What are the prime factors of d(-2)?
2, 17
Let k(x) = -7*x - 21. Let t be k(-12). Let v = t - 37. What are the prime factors of v?
2, 13
Suppose -10*c = 4*c - 14. What are the prime factors of (3 + c)*64*2/2?
2
Suppose -576 = -2*a - 4*l, -3*a + 2*a - l + 285 = 0. List the prime factors of (-8)/12*a/(-4).
47
Let a(d) = d**2 - 4*d - 14. Let l be a(7). Suppose -2 = 5*m - l*m. What are the prime factors of 58 - -4*m/(-4)?
3, 19
Let q be -1*22/8*-8. Suppose -d + q = -10. List the prime factors of d.
2
Let h = 3268 - 1327. List the prime factors of h.
3, 647
Let z be 7512/54 + 5 - 1/9. Let b = z - 103. List the prime factors of b.
41
Suppose -8 = -2*w - 4*t, -w - 4*t + 7 = t. Suppose 50*m = -m + 459. Suppose -w*g - m = -27. List the prime factors of g.
3
Let c(p) = 5*p + 28. Let j be c(-5). Suppose -38 = j*t - 242. List the prime factors of t.
2, 17
Suppose 18 = 6*l - 0. Suppose 2*f - 30 = -2*i - l*f, -5*f + 10 = -2*i. List the prime factors of i.
5
Suppose 0 = 21*p - 2*p. Let z(m) = m**3 + m**2 + m + 40. Let h be z(0). Let y = h - p. What are the prime factors of y?
2, 5
Let s be 1 - (1 + -6) - 2. Let i(q) = 19*q + 1. What are the prime factors of i(s)?
7, 11
Let g(y) = 247*y**2 + 36*y - 96. What are the prime factors of g(3)?
3, 5, 149
Let y be (-1)/(-4 - (-156)/40). Let b(p) = -p**2 + 9*p + 13. Let o be b(y). Suppose -4*d + 82 = o*l, 4*l + 5*d - 140 = -l. List the prime factors of l.
2, 3, 5
List the prime factors of -1*110/20*-106.
11, 53
List the prime factors of (-2163)/(-3) + -12*(-2)/6.
5, 29
Suppose 2 - 15 = 2*l + 5*d, 0 = -4*l + 4*d - 12. Let i be (3 - -3)*(-2)/l. Suppose -4*u + 168 = -2*n, -i*u - 5*n = -3*n - 112. List the prime factors of u.
2, 5
Let p = -10 - -12. Suppose -p*m - 95 = -5*s, -143 = -5*s + m - 43. Suppose 4*i = i - 3*h + s, 2*h - 4 = -i. List the prime factors of i.
2, 5
What are the prime factors of 3881/((3 - 4) + 2)?
3881
Let a(o) be the first derivative of o**4/4 + 2*o**3 - 5*o**2 - 2*o + 8. What are the prime factors of a(-7)?
19
Let j